rime factors of 304489.
304489
What are the prime factors of 9152340?
2, 3, 5, 152539
What are the prime factors of 1464381?
3, 162709
What are the prime factors of 33178?
2, 53, 313
What are the prime factors of 612241?
7, 149, 587
What are the prime factors of 3319985?
5, 663997
What are the prime factors of 14860534?
2, 13, 101, 5659
What are the prime factors of 274107?
3, 91369
What are the prime factors of 230915?
5, 46183
What are the prime factors of 346571?
113, 3067
What are the prime factors of 428295?
3, 5, 7, 4079
List the prime factors of 1568586.
2, 3, 261431
List the prime factors of 64014.
2, 3, 47, 227
What are the prime factors of 2499572?
2, 37, 16889
What are the prime factors of 32109056?
2, 7, 17, 31
List the prime factors of 335384.
2, 7, 53, 113
List the prime factors of 509855.
5, 107, 953
What are the prime factors of 4738164?
2, 3, 31, 47, 271
List the prime factors of 1621766.
2, 17, 47699
List the prime factors of 30208.
2, 59
List the prime factors of 1335713.
373, 3581
What are the prime factors of 3261046?
2, 19, 85817
List the prime factors of 108175.
5, 4327
What are the prime factors of 5646745?
5, 13, 109, 797
List the prime factors of 4093.
4093
What are the prime factors of 654800?
2, 5, 1637
What are the prime factors of 47970?
2, 3, 5, 13, 41
List the prime factors of 1747249.
7, 249607
What are the prime factors of 35528156?
2, 149, 59611
List the prime factors of 839164.
2, 193, 1087
What are the prime factors of 37029?
3, 12343
What are the prime factors of 9254960?
2, 5, 11, 13, 809
List the prime factors of 268584.
2, 3, 19, 31
List the prime factors of 174547.
23, 7589
What are the prime factors of 4185962?
2, 11, 190271
What are the prime factors of 4907188?
2, 11, 13, 23, 373
List the prime factors of 2496361.
7, 89, 4007
List the prime factors of 3451445.
5, 19, 47, 773
List the prime factors of 15018044.
2, 3754511
List the prime factors of 612992.
2, 4789
List the prime factors of 586111.
586111
List the prime factors of 3548734.
2, 7, 253481
What are the prime factors of 185106?
2, 3, 30851
List the prime factors of 4600086.
2, 3, 67, 11443
List the prime factors of 2485112.
2, 7, 199, 223
What are the prime factors of 10257478?
2, 7, 11, 43, 1549
What are the prime factors of 206659?
47, 4397
List the prime factors of 310768.
2, 19423
What are the prime factors of 205401?
3, 7, 9781
What are the prime factors of 13338725?
5, 533549
What are the prime factors of 5033491?
2141, 2351
What are the prime factors of 662239?
23, 28793
List the prime factors of 2205187.
2205187
List the prime factors of 5208014.
2, 7, 19, 2797
What are the prime factors of 73328?
2, 4583
List the prime factors of 36132.
2, 3, 3011
What are the prime factors of 206887?
206887
List the prime factors of 26445.
3, 5, 41, 43
What are the prime factors of 244490?
2, 5, 23, 1063
List the prime factors of 20941370.
2, 5, 881, 2377
List the prime factors of 268747.
268747
List the prime factors of 3651559.
3651559
What are the prime factors of 20488107?
3, 73, 93553
What are the prime factors of 5308198?
2, 7, 379157
What are the prime factors of 451039?
451039
List the prime factors of 558694.
2, 409, 683
List the prime factors of 8879755.
5, 83, 21397
List the prime factors of 34343.
61, 563
List the prime factors of 403132.
2, 97, 1039
What are the prime factors of 9844?
2, 23, 107
List the prime factors of 578815.
5, 115763
List the prime factors of 610416.
2, 3, 157
What are the prime factors of 4101991?
4101991
What are the prime factors of 203281?
13, 19, 823
What are the prime factors of 1296405?
3, 5, 11, 97
List the prime factors of 329935.
5, 19, 23, 151
What are the prime factors of 86730?
2, 3, 5, 7, 59
List the prime factors of 54006.
2, 3, 9001
What are the prime factors of 364144?
2, 11, 2069
List the prime factors of 142128.
2, 3, 7, 47
What are the prime factors of 125620?
2, 5, 11, 571
List the prime factors of 727845.
3, 5, 48523
What are the prime factors of 1510575?
3, 5, 11, 1831
What are the prime factors of 10517460?
2, 3, 5, 175291
List the prime factors of 9394150.
2, 5, 187883
List the prime factors of 7524358.
2, 23, 163573
List the prime factors of 221377.
13, 17029
What are the prime factors of 607437?
3, 67493
What are the prime factors of 578590?
2, 5, 57859
List the prime factors of 1153062.
2, 3, 131, 163
What are the prime factors of 346944?
2, 3, 13, 139
What are the prime factors of 1224793?
41, 29873
What are the prime factors of 16545?
3, 5, 1103
What are the prime factors of 248624?
2, 41, 379
What are the prime factors of 2868819?
3, 956273
What are the prime factors of 2947607?
13, 43, 5273
List the prime factors of 1515859.
29, 167, 313
List the prime factors of 153123.
3, 43, 1187
What are the prime factors of 364515?
3, 5, 19, 1279
List the prime factors of 9004953.
3, 41, 179, 409
What are the prime factors of 4178248?
2, 522281
What are the prime factors of 13462046?
2, 13, 607, 853
List the prime factors of 3322456.
2, 31, 13397
What are the prime factors of 1059998?
2, 529999
What are the prime factors of 2966283?
3, 329587
What are the prime factors of 127576?
2, 37, 431
What are the prime factors of 1413298?
2, 53, 67, 199
What are the prime factors of 861708?
2, 3, 71809
List the prime factors of 1562846.
2, 781423
What are the prime factors of 418025?
5, 23, 727
List the prime factors of 18907.
7, 37, 73
List the prime factors of 468345.
3, 5, 31223
List the prime factors of 1121684.
2, 19, 14759
What are the prime factors of 2588469?
3, 13, 31, 2141
What are the prime factors of 386783?
19, 20357
What are the prime factors of 10087055?
5, 11, 241, 761
List the prime factors of 464267.
199, 2333
List the prime factors of 232534.
2, 233, 499
List the prime factors of 818310.
2, 3, 5, 27277
What are the prime factors of 1066270?
2, 5, 106627
What are the prime factors of 24911835?
3, 5, 13, 43, 2971
List the prime factors of 441338.
2, 149, 1481
What are the prime factors of 2895435?
3, 5, 37, 47
List the prime factors of 2153090.
2, 5, 215309
List the prime factors of 5407074.
2, 3, 33377
What are the prime factors of 3057502?
2, 7, 4457
What are the prime factors of 3711037?
11, 337367
What are the prime factors of 833777?
7, 19, 6269
What are the prime factors of 2508443?
7, 358349
List the prime factors of 931052.
2, 137, 1699
What are the prime factors of 1096263?
3, 7, 17401
What are the prime factors of 3089356?
2, 772339
List the prime factors of 19479526.
2, 11, 47, 18839
List the prime factors of 178922.
2, 137, 653
List the prime factors of 203222.
2, 101611
What are the prime factors of 1244625?
3, 5, 3319
What are the prime factors of 1379797?
1379797
List the prime factors of 27271761.
3, 11, 43, 19219
List the prime factors of 97490.
2, 5, 9749
What are the prime factors of 1660763?
13, 31, 317
List the prime factors of 197791.
11, 17981
What are the prime factors of 13124569?
103, 127423
List the prime factors of 232136.
2, 29017
What are the prime factors of 161122?
2, 13, 6197
List the prime factors of 163495.
5, 19, 1721
List the prime factors of 1664915.
5, 7, 47569
List the prime factors of 194036.
2, 179, 271
What are the prime factors of 5422062?
2, 3, 903677
List the prime factors of 159980.
2, 5, 19, 421
List the prime factors of 833188.
2, 19, 577
What are the prime factors of 9498943?
607, 15649
List the prime factors of 29149649.
673, 43313
List the prime factors of 4923370.
2, 5, 17, 28961
List the prime factors of 167021.
167021
What are the prime factors of 5955?
3, 5, 397
What are the prime factors of 227553?
3, 101, 751
List the prime factors of 1548125.
5, 2477
List the prime factors of 1431057.
3, 477019
List the prime factors of 1380145.
5, 13, 17, 1249
List the prime factors of 167573.
7, 37, 647
What are the prime factors of 1410575?
5, 17, 3319
What are the prime factors of 942315?
3, 5, 11, 5711
What are the prime factors of 57520?
2, 5, 719
List the prime factors of 1410739.
11, 89, 131
List the prime factors of 1059247.
7, 389
List the prime factors of 163289.
7, 23327
What are the prime factors of 12186603?
3, 11, 13, 17, 557
What are the prime factors of 25621?
25621
List the prime factors of 5021275.
5, 7, 4099
What are the